 + 0 - (8 + 8 + -10)?
-7
What is the value of 2 + -11 - (-116 + 118)?
-11
What is the value of 6 + (-7 - -6) + 0 + 0?
5
Evaluate 10 + 13 + -3 + -24.
-4
What is (4 - 0) + -3 - -4?
5
What is -1 + 4 - -5 - 4?
4
Evaluate (4 - 4 - 6) + 0.
-6
What is the value of -5 - (6 + 0 + -6)?
-5
Calculate (-6 - -7) + (1 - 1).
1
What is 3 + (0 - 5) - (-1 - -1)?
-2
What is 7 + 2 + -9 + 3?
3
Evaluate 4 - (2 + 4 - 7) - 7.
-2
What is the value of 5 - (-4 - (-6 + -5))?
-2
Evaluate (-3 - (1 + -3)) + (1 - 6).
-6
What is the value of -6 + 5 + -3 + 6?
2
What is (-1 + 5 - -5) + -3?
6
What is -2 + 5 - (2 + 8 + 3)?
-10
(5 - 8) + -1 + 1
-3
Evaluate 1 + -4 + 7 - 7.
-3
6 + -3 - (0 - -2)
1
Evaluate -14 - (6 - 13) - -5.
-2
What is the value of (2 - -14) + (52 - 60)?
8
What is (10 - -1) + (-2 - 6)?
3
Calculate (-19 - -12) + (-6 - -6).
-7
Calculate 9 + -5 + 0 + 1.
5
Evaluate (5 - 4) + (2 - 1).
2
What is the value of 1 - ((-4 - -1) + 3 - -2)?
-1
What is -5 - (-6 - (-6 + 5)) - 5?
-5
What is (-1 - (-10 + 11 + -7)) + -1?
4
Calculate (81 - 84) + (0 - -2).
-1
Calculate -2 + -5 - (-2 + (0 - 2)).
-3
Evaluate (2 + 0 + -5 - 0) + 0.
-3
Evaluate 1 + 4 + (3 - 6) + 2.
4
(-1 - (4 + -10)) + -6 - 6
-7
Evaluate -2 - -8 - (-5 + 2 - -1).
8
Calculate 5 + (-9 - -7) + -8.
-5
8 + -2 + -7 - -5
4
What is the value of -15 + 10 - (1 + -10)?
4
What is -3 + (17 - 8) + 3?
9
-1 - (9 - (-7 - -14))
-3
What is (-13 - (-14 - -6)) + 3?
-2
Evaluate 3 + (-4 - 1) - 0.
-2
What is the value of (-6 - (-12 + (2 - -1))) + 3?
6
4 + -5 + 2 - (2 + 2)
-3
Evaluate -1 - -2 - ((-4 - -8) + -5).
2
Calculate 12 + -10 - (1 + -2).
3
Calculate (-1 + 1 - (62 - 68)) + -5.
1
What is 6 - (0 - (4 - 8) - 5)?
7
What is -18 + 13 - -12 - 7?
0
Evaluate 0 - (0 - 1 - (-4 + 2)).
-1
Evaluate -12 + 10 + -3 + 2.
-3
What is -1 + 12 + -6 + -3 + 6?
8
Calculate -2 - (-5 - -3) - -1 - -4.
5
Evaluate -1 - 2 - -3 - (-1 - -1).
0
What is the value of (-4 - -7 - 4) + -2?
-3
What is 0 + 4 + -9 + (2 - 1)?
-4
(0 - -4) + 20 + -21
3
Calculate -3 + 0 + 1 + -1.
-3
-6 + (15 - 4) - -1
6
What is (2 - 0) + 5 + (4 - 13)?
-2
What is 10 - 0 - (37 + -26)?
-1
Calculate 1 - (9 + 0) - -10.
2
Calculate (-5 - -1 - 0) + 4.
0
-12 - (9 + -6 + -12)
-3
46 + -42 + (-11 - (-6 - -2))
-3
Evaluate 158 - 160 - (-1 + (-3 - -1)).
1
(4 - (1 - 1)) + -24 + 17
-3
What is the value of -2 + 2 + 4 + -1?
3
Calculate 17 - 3 - (13 - (12 + -4)).
9
What is (5 + -1 - 3) + 4?
5
What is the value of -11 - (-3 - 2) - -1 - 0?
-5
0 + (5 - 7) + 7
5
Evaluate -2 - -1 - -2 - -4.
5
Evaluate 1 + -2 + 1 + 1 + 2.
3
What is 2 + (1 + 6 - 4) + -5?
0
What is -4 + (4 + -1 + 1 - 0)?
0
-11 + 12 + (-3 - (-6 + -3))
7
What is 4 + -4 + 9 + -4?
5
Evaluate 2 + -4 + (0 - (3 + -4)).
-1
What is 0 - (-6 + 0 + 8) - 1?
-3
Evaluate -5 + 1 + (-2 - -6) + -2.
-2
What is the value of -1 + 4 + (5 - 7)?
1
Evaluate 8 - (4 + -2) - (-48 - -54).
0
Evaluate (-3 - -6 - (-3 + 6)) + 2.
2
Evaluate 5 + -1 + -21 + 19.
2
(8 - 6) + (-1 - 3)
-2
(12 - 14 - (-3 + 11)) + 2
-8
Calculate (-7 - 1) + 8 + (-1 - 0).
-1
0 + -3 + 23 + -23 + 2
-1
What is the value of 11 + (-11 - (2 + -6)) + 4?
8
What is (28 - 26) + -3 + (0 - -1)?
0
What is (3 - -1) + 1 - (1 + 3)?
1
What is the value of 19 + -14 - (-2 + -1)?
8
What is the value of 1 - (14 + -14 + -1 + 2)?
0
What is (-53 - -58) + (-10 - 0 - -2)?
-3
What is -11 + 7 - 2 - (-2 - 2)?
-2
What is the value of (5 - 0) + 3 - 6?
2
What is the value of (-9 - (-1 - 2)) + 10 + 6?
10
-1 - (9 + -4 + (-1 - 7))
2
Calculate (-11 + 6 - -8) + -5.
-2
Calculate (-3 - (4 - 2 - 3)) + 11.
9
What is the value of -2 + 2 - 6 - 0?
-6
What is the value of -16 + 2 + 9 - -11?
6
Evaluate 2 + (-3 - -4) - 2.
1
0 - 0 - -5 - 1
4
Evaluate (-4 - (-6 - (1 + -3))) + 0.
0
What is -6 - ((1 - 6) + -3)?
2
What is the value of 11 - (5 - -7) - -5?
4
Evaluate -3 - (0 + -2 + 3).
-4
Calculate -3 + -4 + 4 + 4.
1
What is the value of -3 + 4 + 3 + -5 - -6?
5
(38 - 42) + (-2 - (-1 + 0))
-5
What is the value of 1 + (0 + -8 - -4)?
-3
Evaluate -1 - (2 + 1 - 8).
4
What is the value of (1 - 0) + -2 + (-4 - -1)?
-4
6 + -3 + -2 + 4
5
What is -4 - (3 + -10 + (-9 - -8))?
4
Calculate 0 - 11 - (49 - 57).
-3
Calculate 29 + -25 - ((-2 - 0) + 1).
5
Evaluate (4 - 1) + (6 - 11) + 3.
1
What is the value of -2 - (1 + 5 - (-11 + 23))?
4
What is (-6 + 8 - -2) + -3 + -1?
0
What is (0 - -1) + (16 - 2) + -18?
-3
Evaluate 3 - (-6 + -1 + 5).
5
Calculate (3 - 2) + -5 + -1.
-5
Evaluate -6 + 4 + 6 - (-3 - -2).
5
Calculate -5 + -1 + (5 - (11 + -5)).
-7
(2 - (2 + 2 - 1)) + -2
-3
Calculate 7 - -1 - (-7 - -10).
5
2 + (7 - (8 - -1))
0
Calculate -12 - (9 + 1 - 21).
-1
Calculate 0 - (-4 - -1) - 10.
-7
Evaluate 1 + 2 + -2 + 2 + -2.
1
What is the value of -5 - (-9 + (-2 - 0))?
6
Calculate -2 + 2 + -2 - (-2 - -1).
-1
Evaluate (2 + -4 - -5) + (-1 - 2).
0
Evaluate (11 - (11 + 5)) + 11.
6
What is -6 - (-6 + -3 + 0)?
3
3 - 2 - (-1 + 4)
-2
What is 175 + -170 + -1 + -1?
3
What is the value of 7 + 1 - (7 + (-6 - -3))?
4
What is the value of 0 + -1 - (-8 - (-5 + 0))?
2
What is (-7 - (-2 + -11)) + (1 - 2)?
5
Evaluate -3 + 6 + 1 + -6.
-2
Evaluate (11 - 4) + -1 + -9 + -2.
-5
What is the value of -7 + 5 + -1 + 1?
-2
Calculate 3 + -10 + 0 + 3.
-4
Evaluate 3 - (14 - -4) - -23.
8
What is the value of -4 + (5 - 8 - -2)?
-5
Calculate -1 + -1 + (1 - -1).
0
What is (0 - (4 - -5)) + 9?
0
What is 9 + -5 - (0 + -1)?
5
What is 3 - (6 + -2 + 1 + -2)?
0
Calculate -12 + 5 + 8 - -3.
4
Evaluate (-1 - (1 + -5)) + (2 - 7).
-2
Evaluate -12 + 13 - (5 + -10).
6
What is 12 - (7 + -7 - -7)?
5
What is 1 - 2 - (2 + -2 - 0)?
-1
0 + -2 + (3 - (4 - 2))
-1
What is (4 - (2 + 0)) + -5?
-3
What is -11 - (-9 + 1) - 5?
-8
Calculate 6 + 4 + -3 + -4.
3
Evaluate (4 - 8 - -8) + -1 + 0.
3
7 + (4 - (13 + -5))
3
Calculate 5 - (-4 + (-2 - 1 - -8)).
4
What is the value of 8 + 2 + (-20 - -11) + 6?
7
Calculate -9 - (3 + -2 - 8).
-2
0 + 8 - (-2 - (-4 - 3))
3
What is the value of 1 + -1 + (5 - 2)?
3
What is the value of -19 + 14 - (0 - 6)?
1
Calculate (-5 - -2) + (-5 - -9).
1
1 - (0 + -1 + 4 + 0)
-2
Evaluate -8 - (-7 - -5) - -3.
-3
What is the value of 0 + 3 + (58 - 63)?
-2
Calculate 5 - -5 - (6 - 3).
7
(2 - (-14 - -15)) + -6
-5
-3 + 2 + (1 - (-5 - -2))
3
-18 + 0 + -10 + 20
-8
What is the value of 9 + -1 + (-16 - 0) - -9?
1
2 - ((-4 - -7) + -5)
4
What is -9 + (-2 + -2 - -13)?
0
3 - (-15 + 22 - (-1 - -10))
5
Calculate 31 - 30 - (-2 - -4).
-1
What is the value of (8 - 0) + (2 - 11) + -3?
-4
Evaluate -4 - (-7 - (-2 - 1)).
0
Evaluate -13 + (4 - 1) + 9 + -1.
-2
Evaluate 3 + -52 + 48 + (-2 - -1).
-2
Evaluate 2 + (-5 - (3 + -4)).
-2
What is (6 + -2 - 3) + 0?
1
Calculate -5 + (0 - 6) + 3 + 2.
-6
What is -4 - (-1 - (0 - -1))?
-2
1 + -7 + 2 + 2
-2
What is the value of 2 + 1 + (47 - 48)?
2
-5 + 14 + -10 + -1 + -2
-4
Calculate 0 + (3 - -2) - 3.
2
What is the value of (2 - -2) + -4 + -3 - -2?
-1
What is the value of -3 + (5 - (4 - 2) - 5)?
-5
-5 - (-7 - (-2 - 0)) - -5
5
What is the value of 2 + -4 - (37 + -39)?
0
What is the value of 3 + (1 - 4) + -4?
-4
What is -4 + (4 + 0 - 2)?
-2
Evaluate -1 - 3 - (73 - 80).
3
(-10 - 0) + (-94 - -108)
4
What is 7 - 3 - (-2 - -3)?
3
What is the value of 7 + -3 - (-3 + 4)?
3
(-2 - 0) + (-38 - -45)
5
11 + -2 - (14 + -7)
2
Evaluate (-1 + -3 - (-19 + 19)) + 8.
4
What is -2 + (1 - -2) + -2 + 3?
2
-6 + 15 + 1 - 7
3
Calculate 7 + -14 - -2 - (2 - 11).
4
What is the value of (-6 - 1) + 11 + -1 + -4?
-1
Calculate -3 + -1 + 1 + 0 + -2.
-5
What is 8 - 8 - (-1 - 9)?
10
4 - (-4 + 11) - -7
4
Evaluate (7 + -4 - 2) + 4.
5
(-4 - (3 - 6)) + 1 + -4
-4
What is 2 + -4 + (-3 - (-3 - 3))?
1
Calculate -7 + (-3 - -10) + 4.
4
2 - (0 + (5 - 0) + -4)
1
What is 7 + 2 + -7 + -7?
-5
What is (-3 - -1) + -5 - -3?
-4
-2 + 5 + -2 + 10 + -9
2
What is (1 - -2) + -3 + 0?
0
-3 - (0 - 5) - (-12 + 15)
-1
Calculate 3 + -4 + -2 - -2.
-1
Calculate 7 + -5 + (-2 - 5 - -1).
-4
Evaluate -11 - -21 - (5 - -1).
4
Calculate (3 - 7) + (0 - 2 - -3).
-3
4 + -8 - (4 + (-3 - 0))
-5
Evaluate -9 + (3 - -1) - -3 - 1.
-3
Calculate (10 + -12 - -15) + -3.
10
(2 + -6 - -6) + 4
6
Evaluate (-3 - -15) + (-13 - -4).
3
What is the value of 12 + -6 + -4 - 7?
-5
5 + -1 - (1 - 0)
3
What is the value of (-22 - -16) + 5 + (0 - 1)?
-2
What is the value of 0 - (6 + (-4 - -3))?
-5
What is the value of 3 + 1 + 18 + 0 + -14?
8
What is the value of (0 - 1) + (4 - -4) + -6?
1
What is -3 + (-1 - -2 - 1)?
-3
Evaluate -13 + 12